Let f be (32 + -33)*(w - -1). What is the greatest common factor of j and f?
6
Suppose 5*n = -5*h + 78 - 13, 2*h = 5*n + 19. Suppose -10*f + 8*f = 5*r - 105, 0 = 4*r - h. Calculate the highest common divisor of f and 60.
15
Let g = -132 + 854. Let c = g - 707. Suppose 0*a + 2*a = 2*z - 4, 3*a - 12 = 0. Calculate the greatest common factor of c and z.
3
Suppose 0 = 6*t - 90799 + 36613. Suppose 13*w - t = -1816. Calculate the greatest common divisor of w and 15.
15
Let u(i) = 13*i**2 + 7*i + 22. Let v be u(-4). Let f = v - 124. What is the highest common factor of 312 and f?
78
Suppose -4*s + 6*s - 4*z = 0, 0 = 4*z + 8. Let g(o) = o**2 + 4*o + 4. Let h be g(s). Let q be 32/(2 + 2) + h. Calculate the highest common factor of q and 8.
4
Suppose 4*b = -5*j + 162, -5*j = 2*b + 3*b - 160. Suppose 18*v + 272 = j*v. Calculate the greatest common divisor of 17 and v.
17
Let j(d) = 14*d**2 + 5*d - 13. Let q be j(2). Let y = -1126 - -1656. Calculate the highest common divisor of q and y.
53
Let z be -5 - 1/((-3)/9) - 66/(-3). What is the highest common divisor of z and 1510?
10
Suppose -4*z + 3*b - 6 = -0*z, 0 = -3*z - 2*b + 4. Suppose -8*m + 44*m - 1332 = z. What is the highest common factor of m and 703?
37
Let c be 4 - -1 - 0 - 515/10*-4. Calculate the highest common divisor of 11183 and c.
211
Let y = 30509 - 30384. What is the highest common divisor of y and 3800?
25
Let a(f) = f**2 + 23*f - 15. Suppose -10*v + 194 = -36. Suppose -v*j = -21*j + 52. Let o be a(j). Calculate the greatest common divisor of o and 9.
9
Let v = 781 - 306. Suppose -2*g = 2*k - 974, -47*k + 49*k = g - v. Calculate the greatest common divisor of 69 and g.
69
Let t(q) = q**2 - q - 9. Let k be t(-6). Let m be 18/198 - (-5343)/k. What is the greatest common divisor of m and 54?
54
Suppose 2*r = 5*o + 5, -2*o = 4*r - 7 + 57. Let d = r + 21. Let m = 13318 + -13307. What is the highest common divisor of d and m?
11
Suppose -4284 + 1428 = -51*k. Calculate the greatest common factor of k and 3920.
56
Let q be (429/(-9) + 3)/((-1)/(-6)). Let w = -164 - q. Calculate the highest common factor of w and 13.
13
Suppose -2935*x + 2964*x = 2378. Calculate the greatest common divisor of 369 and x.
41
Suppose 0*m + 59 = m. Suppose -2*s + m = -137. Let z = 162336 + -162322. Calculate the highest common factor of z and s.
14
Suppose -42 + 19 = -23*r. What is the highest common divisor of r and 401?
1
Let q(c) = -6*c + 1. Let h be q(-2). Let g = -711 - -776. What is the highest common divisor of h and g?
13
Suppose -5*g - 2*y + 52 = 0, 0*g - 2*g = 2*y - 16. Let p be 2 + (-693)/(-12) + (-9)/g. Calculate the greatest common factor of p and 531.
59
Let n(p) be the second derivative of 4*p**3/3 + 79*p**2/2 + 11*p. Let t be n(-5). Calculate the highest common factor of 351 and t.
39
Let o(l) = 3*l - 1. Let w be o(-12). Let c = w - -41. Suppose c*q = -4*d + 28, -1 = 3*d + 2. What is the highest common factor of q and 40?
8
Suppose -41*w + 40*w = -1156. Calculate the highest common divisor of 85 and w.
17
Let n(o) be the first derivative of 5*o**2/2 + 230*o - 91. Let f be n(-26). What is the highest common factor of 16 and f?
4
Let o be (64736/56)/(2 - 2/(-1)). What is the greatest common divisor of 544 and o?
17
Let m be (-60)/(-9) + (-1)/(-3). Let w be 817/m - (-10)/35. Suppose -5*r + 264 = -2*x, -w = -r - r - 3*x. Calculate the greatest common factor of r and 6.
6
Let v be ((-4)/(-8))/(1/46). Let j = v - -33. Let h = -7825 - -7839. What is the highest common factor of h and j?
14
Let x be (-8976)/(-8) - 12/30*-5. Calculate the highest common divisor of x and 4.
4
Suppose -2*g + 38 = 2*y, -g + 0*g + 5*y + 31 = 0. Let u(l) = 13*l - 264. Let a be u(g). What is the highest common divisor of a and 3?
3
Suppose -f = 9*x - 4*x - 2, 2 = f. Suppose 17*m - 115 - 905 = x. Calculate the greatest common factor of m and 420.
60
Suppose 410 = 3*q - y + 141, 0 = 4*q + 2*y - 362. What is the highest common factor of q and 240?
30
Suppose 37*i - 5859 = -198. Calculate the greatest common factor of 1071 and i.
153
Suppose 45*f - 476108 = 230014 - 108522. What is the highest common factor of 160 and f?
160
Let m = -1090 - -4995. What is the greatest common divisor of 165 and m?
55
Let n be 8 + 3780/10 + -2. Calculate the highest common divisor of n and 2208.
96
Suppose 4*m + 192 = 2*x + 2*x, 4*x - 195 = 3*m. Suppose 3*t - 7 - 8 = 2*o, 5*o = 3*t - x. Let k = o - -27. What is the greatest common factor of 3 and k?
3
Let h be ((-32180)/(-180) - -10) + 4/18. What is the greatest common factor of h and 1953?
63
Let m = 3341 - 2691. What is the highest common factor of m and 500?
50
Suppose 4*o + 294 - 1470 = -2*i, -4*i = 0. Suppose 386*q = 379*q + o. What is the highest common divisor of 105 and q?
21
Let m = -27467 + 28087. Calculate the greatest common factor of 200 and m.
20
Suppose -2344 = -2*g - 2*m, -3*g - 9*m + 5*m + 3512 = 0. What is the greatest common factor of g and 98?
98
Let q be (10486/56 - 5)/((-5)/(-20)). Calculate the greatest common divisor of 243 and q.
243
Let p = -145 + 150. Let k(j) = -54*j - 7. Let v be k(-4). Let b be v/44 - 2/(-8). Calculate the greatest common factor of p and b.
5
Let j be 5735/35 + (-3)/(-21). Suppose -4*y + j = 108. What is the highest common divisor of y and 70?
14
Let t = 7060 - 7038. What is the greatest common factor of t and 8338?
22
Let z(n) = 6*n**2 + 40*n + 545. Let j be z(-37). What is the greatest common divisor of j and 58?
29
Suppose -5 = 2*r + 3*b - 24, 4*r - 4*b + 12 = 0. Suppose -77 = -5*q - u, 4*q - 86 = -q + r*u. What is the greatest common factor of q and 112?
16
Let f be (4 - 1) + -1 - (7 - 33). Suppose -u = 3 - f. Calculate the greatest common factor of 30 and u.
5
Suppose 0 = -2*s + 10, -48 = 5*v - 5*s - 278. Suppose -6*a + 113 = -805. Calculate the highest common factor of v and a.
51
Let q be -82 - ((-9)/(-27) + 2/3). Let k = q + 132. Calculate the greatest common factor of 539 and k.
49
Let i = 6094 + -2363. What is the greatest common factor of 82 and i?
41
Suppose -5*o + 406 = -3*o. Suppose 4*s - 1008 = -68*s. Calculate the highest common divisor of o and s.
7
Let s be ((-65)/3)/(23/(-1311)). Suppose s + 557 = 8*y. Calculate the highest common factor of 32 and y.
32
Let z be 6*200/(-60) + 5055. Calculate the greatest common divisor of 285 and z.
95
Suppose -5*o + n + 50 = 0, 19 - 24 = -n. Suppose -3*s - 21 = -75. Suppose s = g + o. What is the highest common factor of 91 and g?
7
Suppose t - 36 = 2*h, h = -0*h + 3. Let x be ((-728)/(-10))/(13*4/390). Calculate the highest common divisor of x and t.
42
Suppose -t = -2*d - 45, -5*d + 62 = 2*t + 26. What is the highest common factor of 951 and t?
3
Let q = 131 - 7. Let d(t) = -t**3 + 9*t**2 + 44*t + 135. Let y be d(13). What is the highest common divisor of q and y?
31
Let o = 9821 - 9731. Let b be (1 - 0) + -143 - 2. Let r be 2/(-7) + b/(-14). What is the highest common factor of o and r?
10
Let c = -721 - -1240. Let f = c + -517. Let v(n) = n**2 + 1. Let a be v(-3). Calculate the highest common divisor of a and f.
2
Let y = 33 + -15. Suppose -4*l + i + i = -y, -3*i = 3. Let w = 3 + 5. What is the greatest common factor of w and l?
4
Let a = -14 + 89. Let l(q) = 219*q + 4383. Let k be l(-20). Calculate the highest common divisor of a and k.
3
Suppose -n - 2*w + 14 = -7, -4*w = 3*n - 73. What is the greatest common factor of 36611 and n?
31
Suppose 19*z = -17*z + 5*z. Suppose 269 + 480 = 5*l - a, z = -4*a + 4. What is the highest common factor of l and 18?
6
Let q be (12/22)/(11/121). Suppose 16*x - q*x = 440. What is the greatest common factor of 11 and x?
11
Let a be (-16)/2*3 - -99. What is the highest common divisor of 1605 and a?
15
Let f be (1/(-1))/(1 + 0). Let a be (3 + (-14)/f)*2. Suppose -16*u + 17*u = 25 + 60. Calculate the highest common divisor of u and a.
17
Suppose 0*o + 30 = 2*o. Let p be o + 2 - (-1 - -3). Let m(y) = 57*y - 96. Let x be m(3). What is the greatest common factor of x and p?
15
Let f(m) = 7 - 5 - m + 2*m + 5. Let k be f(-8). Let j be 1 - k - (-2 - -1 - 2). Calculate the highest common divisor of 35 and j.
5
Suppose -2*s + 398 = -5*r + 110, -2*r = 5*s - 720. Calculate the greatest common factor of s and 2000.
16
Suppose -2*o = a - 73, -120 - 41 = -4*o - 5*a. Let u be (153/1